Suppose -5*n = 3*r - 25, 5*n = n + 2*r + 42. Let y = 7 + 14. What is the remainder when y is divided by n?
5
Let z(w) = w**2 - 8*w - 14. What is the remainder when 73 is divided by z(11)?
16
Suppose 0 = 2*v - 3*v + 3*b, -4*v + 4*b + 40 = 0. Suppose 2*n - 3*m = m + 76, 5*n + 5*m - 115 = 0. Calculate the remainder when n is divided by v.
13
Let k(y) = -y - 1. Let l(h) = -1. Let r(s) = -k(s) + 4*l(s). Let m be r(7). What is the remainder when 37/4*1*m is divided by 13?
11
Let f = 85 + -68. What is the remainder when 67 is divided by f?
16
Suppose -15 = -w + 7. Calculate the remainder when 41 is divided by w.
19
Suppose 0*y + 2*y = 3*h + 13, h - y = -4. Calculate the remainder when 34 is divided by (-2 - h) + 9/1.
10
Let t(p) = -p - 2. Let k be t(-2). Suppose k = 4*i + 7 - 87. What is the remainder when i is divided by 7?
6
Suppose w = 4*k + 13, w = -0*w - 4*k + 29. Calculate the remainder when 82 is divided by w.
19
Let f = 17 - 12. Let z be 362/f + 2/(-5). Suppose 3*k = z - 15. Calculate the remainder when k is divided by 10.
9
Suppose 83 = 2*z + 31. Let t = z + 0. What is the remainder when t is divided by (9/(-2))/1*-2?
8
Suppose p + 3*p - 2*s = 20, -2 = 2*p + 2*s. Calculate the remainder when (-8)/(-16) + (-7)/(-2) is divided by p.
1
Suppose 0 = 2*i - 4 - 4. Suppose -21 = i*p - 237. Calculate the remainder when p is divided by 14.
12
Let z = -13 - -20. Let y(m) = -m**3 + 7*m**2 + 5*m + 9. What is the remainder when y(z) is divided by 15?
14
Let b(u) = -5*u + 50. Calculate the remainder when 14 is divided by b(9).
4
Suppose 2*a + 64 = 4*o, o - 5*a = 1 - 3. Calculate the remainder when 31 is divided by o.
13
Let t = -8 - -18. What is the remainder when t is divided by 7?
3
Let i(n) = 3*n**2 - n - 3. Calculate the remainder when i(4) is divided by 21.
20
Let s(m) = m**3 + 7*m**2 - 9*m - 3. What is the remainder when 34 is divided by s(-8)?
4
Suppose 2*r = -4*u + 3*r - 58, -r = 3*u + 40. Let q = 0 - u. What is the remainder when 55 is divided by q?
13
Suppose -s - 5*c = -3*c - 32, -89 = -3*s + c. Calculate the remainder when s is divided by 16.
14
Let p = -51 + 63. What is the remainder when 57 is divided by p?
9
Let s be ((-4)/6)/((-4)/246). Suppose -2*h + s = r, 0 = 4*h + 2*r + r - 81. What is the remainder when h is divided by 11?
10
What is the remainder when 604/6 + 16/(-24) is divided by 15?
10
Let j = 40 - 20. Let c = 6 - j. Calculate the remainder when 1 - (c + (3 - 0)) is divided by 7.
5
Calculate the remainder when 9 is divided by 1/(-2 + 3) + 3.
1
Let n = 59 - 49. What is the remainder when 27 is divided by n?
7
Let r(h) = 7*h + 1. Let l be r(-1). Let x(q) be the first derivative of -q**3/3 - 7*q**2/2 - 4*q - 5. Calculate the remainder when 3 is divided by x(l).
1
Let w(y) = -y**3 + 11*y**2 - 5*y - 8. Let v be w(10). Suppose -v = -0*r - r. Calculate the remainder when r is divided by 11.
9
Suppose -4*f = -0*f - 32. Calculate the remainder when 29 is divided by f.
5
Let f(m) = -m**3 + 6*m**2 + 9*m + 9. Suppose 2*d - 14 = -0*d. Calculate the remainder when f(d) is divided by 8.
7
Suppose 3*j = 76 + 20. What is the remainder when j is divided by 5?
2
Suppose -5*o + 60 + 20 = 0. Calculate the remainder when 62 is divided by o.
14
Suppose 18 = -6*t + 108. What is the remainder when 58 is divided by t?
13
Suppose 91 = 2*x - 3*p - 2*p, -83 = -x - 5*p. Suppose 3*q - 6 = q. Suppose 4*i - 22 - 7 = -3*m, q*m + i = 41. Calculate the remainder when x is divided by m.
13
Suppose 0 = 6*r - 2*r - 436. Calculate the remainder when r is divided by 37.
35
Let k be (-100)/15*24/20. Let u = 18 + k. Calculate the remainder when 39 is divided by u.
9
Suppose 17 = 3*n - 25. Let l = n + -6. What is the remainder when 31 is divided by l?
7
Suppose -2*u + 4*w + 3 = -3*u, -2*u + 2*w - 6 = 0. Calculate the remainder when u + 0 + 1 + 44 is divided by 15.
12
Suppose 4*t - 2*s = -6*s + 44, s + 67 = 5*t. Suppose 0 = 2*d + 2*g - 44, 4*g + 2 = -6. What is the remainder when d is divided by t?
11
Let w be ((-6)/(-4))/((-2)/(-76)). Suppose 0 = 4*s - 7*s + w. Calculate the remainder when s is divided by 11.
8
Let g be -1*((-9)/3 - 56). Let j = g + -39. Calculate the remainder when 58 is divided by j.
18
Let x(h) = -3*h + 2. Let l be x(0). Let j = 76 - 54. Suppose j = b + l. What is the remainder when b is divided by 11?
9
Suppose i + 10 = -1. Let r = i - -15. Suppose 40 = r*n - 0. What is the remainder when 38 is divided by n?
8
Let q = -51 - -139. Calculate the remainder when q is divided by 9.
7
Let u(g) = g**2 - 8*g + 29. Let c = -76 - -131. What is the remainder when c is divided by u(5)?
13
Let w be -9 + 0/(1 - -2). What is the remainder when 30/w*18/(-10) is divided by 3?
0
Suppose c = -c + 14. Let w = -1 - -11. Calculate the remainder when w is divided by c.
3
Suppose 5*j = 2*k + 92, j + k + 0*k = 24. Let l be 2*-1 + 4 + -5. What is the remainder when (-176)/l - (-4)/(-6) is divided by j?
18
Let z be (2/8)/((-2)/(-8)). Let h be z*1/2*0. Suppose -2 = -2*j + 4*r, h*j + 3*j - 27 = -2*r. What is the remainder when 13 is divided by j?
6
Suppose -11 = d + 5*h, -h + 1 = -2*d + 3*d. Calculate the remainder when -4*d/((-48)/123) is divided by 21.
20
Suppose 5*l = 7*l - 76. Suppose 9*t - 4*t = 100. Calculate the remainder when l is divided by t.
18
Suppose 2*k = 8 + 12. Calculate the remainder when 4/(-5)*810/(-36) is divided by k.
8
Suppose 4 = m - 1. Calculate the remainder when m is divided by 4.
1
Suppose -4*n + 51 + 21 = 0. Calculate the remainder when 71 is divided by n.
17
Let b be (-1)/(1/(1 - 18)). Suppose b = 5*z - 33. What is the remainder when 29 is divided by z?
9
Let r be (-57)/(-12) + 6/(-8). Suppose 0 = r*w + 4*x - 56, -5*x + 19 = -1. Let o(u) = -18*u. What is the remainder when o(-1) is divided by w?
8
Suppose -8*u + 110 = -7*u. Calculate the remainder when u is divided by 37.
36
Let t(l) = -l**3 + 8*l**2 - 7*l - 1. Let g be t(7). Let r(a) = -46*a. Calculate the remainder when r(g) is divided by 12.
10
Let f = 93 + -26. Calculate the remainder when f is divided by 17.
16
Suppose -t - 1 = -h, 3*t - h - 10 = -3. What is the remainder when 8 is divided by (3/2)/(t/8)?
2
Suppose 5*o + 0*q = q + 17, 2*o = q + 8. Calculate the remainder when (-4)/14 - (-51)/7 is divided by o.
1
Suppose -3*w = 0, p - 2*p - 3*w + 2 = 0. Suppose r - 5*o = 19, 0 = 2*r - 3*o + 2*o - 11. What is the remainder when r is divided by p?
0
Let s(q) = q**2 - 4*q + 7. Let d(l) = -l. Let v(x) = -3*d(x) - s(x). Calculate the remainder when 18 is divided by v(4).
3
Let v be (0 + -1)*-89 - -2. Let x = v + -40. Calculate the remainder when x is divided by 18.
15
Let b(w) = w**2 - 4*w. Let s be b(4). Calculate the remainder when 41 is divided by 1 - -20 - s/(-1).
20
Calculate the remainder when 116 is divided by ((-826)/(-70))/(1/5).
57
Calculate the remainder when 29 - 1 - (-4 - -3) is divided by 16.
13
Let j(r) = -r**2 + 3*r + 1. Let p be j(2). Suppose 3*s - 2*c - 12 - 26 = 0, -p*s + 35 = c. What is the remainder when (68/6)/((-2)/(-6)) is divided by s?
10
Suppose -2*q - 10 = -4*n, -5*n + 2 + 33 = 5*q. Suppose -q*g - 2*g = -10. Calculate the remainder when 4 is divided by g.
0
Let v(q) = -q**2 - 15*q - 12. Let u = -15 - -5. What is the remainder when v(u) is divided by 13?
12
Let j be (-1)/(1 + (-8)/6). Suppose -3*r + 0*h = -h + 14, j*h + 28 = -5*r. Let m = -4 - r. Calculate the remainder when 2 is divided by m.
0
What is the remainder when (12/(-9))/(12/(-522)) is divided by 20?
18
Let i(x) = -3*x + 18. What is the remainder when 23 is divided by i(2)?
11
Suppose 1 = d - 4. What is the remainder when 13 is divided by d?
3
Let j = -20 + 33. Suppose -4*z - 3*l - 4 = -28, -z + 2*l - 5 = 0. Suppose -3*o + 173 = 5*k + o, -z*k + 108 = o. Calculate the remainder when k is divided by j.
11
Let z(i) = i**3 - 9*i**2 + 9*i - 12. Let h be z(8). What is the remainder when -2*1 + (-108)/h is divided by 7?
4
Let j(w) = w**3 + 5*w**2 + 2*w + 4. Let d = 1 + -5. Calculate the remainder when 23 is divided by j(d).
11
Suppose 4*k - 107 - 145 = 0. Calculate the remainder when k is divided by 23.
17
Let x = 52 - 95. Suppose -3*a + 0*a - 206 = -2*w, 252 = -4*a - 3*w. Let o = x - a. What is the remainder when o is divided by 12?
11
Suppose -2*x = -3*x + 10. What is the remainder when 27 is divided by x?
7
Let w(x) =